uppose i = -3*u - i + 79, 3*u - i = 64. Suppose -u*c = -21*c - 266. What is the units digit of c?
3
Suppose -9*t = -4*t + 215. Let l = t - -35. What is the tens digit of ((-153)/6)/(3/l)?
6
Let v = 62 + 184. Let j = v + -95. What is the tens digit of j?
5
Suppose 2*l = 3*k - 19, 2*l - 3*k = -6*k + 11. What is the tens digit of l/6 + (-1640)/(-24)?
6
Suppose 6459 + 19416 = 15*b. What is the tens digit of b?
2
Suppose -6*i = 10*i + 160. What is the units digit of i/(-4)*(-1062)/(-15) + -1?
6
Let u = -672 + 1279. What is the hundreds digit of u?
6
Let j(k) = k**3 + 9*k**2 - 11*k - 7. Let l be j(-10). Suppose 2*m = l*m - 4. Suppose 3*h - 7*h - 12 = 0, m*p - 189 = -h. What is the units digit of p?
8
What is the tens digit of 4/14 - (-358197)/147?
3
Suppose 18*v - 13*v = 0. Suppose -2*k = -v - 28. What is the tens digit of k?
1
Let m(s) = 11*s - 5*s - 3*s + 10. Let y(k) = 7*k + 21. Let c(q) = 5*m(q) - 2*y(q). What is the units digit of c(0)?
8
Suppose 0 = -h - 3, 0*h = -5*k + h + 728. What is the units digit of k?
5
Let t(z) = -26*z**3 - 15*z**2 - 10*z. What is the thousands digit of t(-4)?
1
Suppose -3*i + 3 = 0, 14*f - 10*f - 4985 = 3*i. What is the units digit of f?
7
Suppose -6*s + 2*s = -12. Suppose 5*q + 5*j + 1 = 6, -q - s*j - 7 = 0. Suppose 3*n + 32 - 1 = v, q*n + 85 = 3*v. What is the units digit of v?
5
Suppose -140 + 2030 = -6*z. What is the hundreds digit of z/(-1 + -2) - -4?
1
Suppose -3*l - 4*a = -386, -100 = -2*l - 2*a + 154. What is the units digit of l?
2
Suppose 0 = -2*w + 7*w - 25. Suppose -w*t + 101 = -3*d, 0*d - 2*d + 34 = 2*t. What is the tens digit of t?
1
Suppose 4*p - 250 = 2*w, -2*p + 110 = -0*p + 2*w. Suppose -130 = -z + p. What is the tens digit of z?
9
Suppose -o = -0*o - 120. Suppose -2*x - 31 = w + 24, -4*x - 4*w = o. What is the units digit of 4*x/(-5 + 0)?
0
Suppose 7*d + 8118 = 2*b + 8*d, -5*b + 20296 = 2*d. What is the thousands digit of b?
4
Let c(l) = -l + 1. Let x(v) = -7*v**2 - 16*v + 5. Let p(i) = 6*c(i) - x(i). What is the units digit of p(-4)?
3
Suppose 65 = -2*b + f + 4*f, -3*f + 31 = -b. Suppose -3*l - 18 = -l + y, 3*l + 2*y + 28 = 0. What is the tens digit of (-670)/b + (-2)/l?
1
Suppose 5*n + 4*n = 45. Suppose -2*a + 94 = 5*l, -264 = -5*a + n*l - 3*l. What is the units digit of a?
2
Suppose 0 = -4*n + 1586 + 1830. What is the tens digit of n?
5
Let g(d) = -d**2 - 7*d + 2. Let u be g(-5). Suppose -b + u = 2*b. What is the units digit of 28*(b + (1 - 4))?
8
Let y(h) = h**3 - 3*h**2 - 13*h + 27. Let l be y(7). Let b = -10 + l. What is the hundreds digit of b?
1
Suppose 1048 = 4*f - 62*d + 59*d, -5*f = -3*d - 1307. What is the hundreds digit of f?
2
Suppose 0 = 5*r - 0*r - 570. Let k = r + -57. What is the units digit of k?
7
Suppose 4*n = q - 3*q + 2380, 4760 = 4*q + 2*n. What is the tens digit of (24/14)/(17/q)?
2
Let j be 4/2*-85*(-5)/10. Suppose u + j = 2*d, 0 = u - 0 + 3. What is the units digit of d?
1
Let a be 4 - ((-4)/(-2) + 2). Suppose a = -0*h + 6*h. Suppose h = 5*i - g - 98, 0 = -3*i + 8*i + 4*g - 108. What is the units digit of i?
0
What is the hundreds digit of -6*(51 + -174 + (-2)/2)?
7
Let y be (1 - 4)*28/(-21). What is the tens digit of 3 - (-63 + 3) - y?
5
Suppose -9 = -2*p + p. Suppose -328 - 572 = -p*b. What is the units digit of b?
0
Let s = 9 + -4. Let p(h) = h - 3. Let d be p(s). What is the tens digit of ((-145)/(-15))/(d/6)?
2
Suppose 3*o = 2*h + 4*o - 11, -4*h + 20 = 4*o. Suppose -436 = -4*c + h*w - 2*w, 3*c - 351 = -5*w. What is the hundreds digit of c?
1
What is the units digit of (126/(-35))/((-2)/85)?
3
Let l(y) = 12*y. Let q be l(-2). Let v = -111 - -157. Let j = v + q. What is the tens digit of j?
2
Suppose -2960 = -2*j + k, 4*j - 4489 - 1447 = -2*k. What is the tens digit of j?
8
Let h be 1008/98 + (-4)/14. Let z be (15/(-20))/((-1)/(-4)). Let l = h + z. What is the units digit of l?
7
Suppose -4*v + 5*w + 71 = 0, 5*v = -0*v + 4*w + 100. Suppose -v - 12 = 4*x. What is the tens digit of (-231)/x + 1/3?
2
Suppose 3*f + o - 11 = -0*o, 0 = -4*f - 2*o + 16. Suppose -5*i - f = -6*i. Suppose i*c - 4*x - 19 = -0*x, -3*c - 2*x + 31 = 0. What is the units digit of c?
9
Let n(d) = -d**3 - 4*d**2 + 4*d - 3. Let q be n(-5). Suppose q*m - 7 = 1. Suppose -m*z - 36 = -108. What is the tens digit of z?
1
Let l = -66 - -75. Let d(f) = 3*f**2 - 14. What is the tens digit of d(l)?
2
Let x = 3111 - 2190. Suppose 3*j + x = 6*j. What is the tens digit of j?
0
Let r = 978 - 971. What is the units digit of r?
7
Let k(z) be the first derivative of 17*z**2/2 + 12*z - 33. What is the hundreds digit of k(7)?
1
Suppose 39 = -3*k - 9. Let x(n) = -n**3 - 15*n**2 + 12*n - 13. Let j be x(k). What is the units digit of j + -5 - (0 - 4)?
0
Let h(j) = 341*j**2 - 1. What is the hundreds digit of h(-1)?
3
Let p(b) = -b**3 - 24*b**2 + 2*b + 51. Let k be p(-24). Suppose -k*y + h = -240 - 101, -y + h + 113 = 0. What is the hundreds digit of y?
1
Suppose 91*b - 76*b = 13575. What is the tens digit of b?
0
Suppose -2*r - 4*r - 6 = 0. Let w(l) = 3*l**2 + 2*l + 1. What is the units digit of w(r)?
2
Suppose h + 4*h - 22 = l, 4*l = h - 12. Let u be 2/(-4) - (-25)/10. What is the units digit of (-3)/u + (-5)/l?
1
Let b(y) = 7*y - 75. Let w be b(19). Let k = 148 + w. What is the tens digit of k?
0
Let y(i) = i**3 + 2*i**2 - 10*i - 1. Let v be y(-5). Let g = 539 + -370. What is the tens digit of (-490)/v - (-26)/g?
1
Let p(t) = t**3 + 5*t**2 - 6*t - 2. What is the hundreds digit of p(6)?
3
Let i(q) = q**3 + 2*q**2 + 2. Let l be i(-3). Let n(j) = -6*j - 2*j**2 + 9*j + 3*j**2 - 4. What is the tens digit of n(l)?
2
Suppose 0 = 4*f - 30 - 10. Suppose -5*x = -f*x + 130. What is the units digit of x?
6
Let p be ((-272)/(-6))/((-19)/(-57)). Let r = 190 - p. What is the tens digit of r?
5
Let k be 1 - (-13 + 16)/(3/40). Suppose -160 = -d - d. Let v = d + k. What is the units digit of v?
1
Let o be (-9)/(-45) + (-1878)/(-10). Suppose -j + o = 3*j. What is the units digit of j?
7
Let u = 54 + -40. Suppose -m - 74 = -3*m. Suppose u - m = -t. What is the tens digit of t?
2
Let n(h) = 4*h - 17. Suppose 0 = 2*c - y - 15, 5*y + 3 + 0 = 2*c. Suppose -2 = m - c. What is the units digit of n(m)?
1
Suppose 6 + 12 = 6*s. Suppose -w + 56 = -s*j, 2*j + 3*j = w - 48. What is the units digit of w?
8
Let h = -940 - -2140. What is the units digit of h?
0
Suppose 0 = -5*b + 9*b - 44. Let f = b - 11. Suppose -m + 2*i + 14 = f, -3*m = m + 4*i - 56. What is the tens digit of m?
1
Let p(r) = 43*r**2 + 24*r - 103. What is the units digit of p(4)?
1
Suppose 4*o - 2*f + 1188 = 0, 3*o + 2*f + 3*f = -891. Let i = 423 + o. What is the units digit of i?
6
Suppose 5*v = 10, 3*v + 3 + 15 = 4*b. Let u(s) = -2*s**2 + 9*s - 1. Let i be u(b). Let c = 29 + i. What is the units digit of c?
0
Suppose -13*f = -35822 + 12591. What is the hundreds digit of f?
7
Let k(i) = -36*i + 4. Let a(z) = -71*z + 7. Let w(h) = -3*a(h) + 5*k(h). Suppose 2*t = -t + 15, -5*t + 30 = 5*x. What is the tens digit of w(x)?
3
Let r(o) = -311*o + 44. What is the hundreds digit of r(-4)?
2
Let c(o) = o**3 - 4*o**2 - 5*o - 4. Let i(a) = 2*a - 3. Let j be i(4). Let p be c(j). What is the units digit of (p/8)/((-3)/12)?
2
Suppose 3*u - 1 + 1 = 0. Suppose 3*v + 100 - 571 = u. What is the units digit of v?
7
Suppose -3*a + 6057 = -5550. What is the hundreds digit of a?
8
Let h = 11 + -16. What is the units digit of (-54)/(-1) - (h + 2)?
7
Let w(p) = -22*p**3 + p**2 - 1. Let d(o) = -3*o - 19. Let y be d(-6). What is the tens digit of w(y)?
2
Let r(k) = -16*k**2 + 15*k + 8. Let d be r(5). What is the tens digit of -9*(-2)/27*(1 - d)?
1
Let m(y) = -y + 2. Let n be m(1). What is the tens digit of -2 - (-1)/(n/57)?
5
Suppose -2*r + 5*r = 6633. Suppose 9*m - 6*m - r = 0. What is the units digit of (0 + 1)/(11/m)?
7
What is the tens digit of (-289499)/(-98) + (-16)/224?
5
Let q = 645 - 161. What is the units digit of q?
4
Let s be (-22)/(-4) + -5 + (-69)/(-6). Let v(n) = n**3 - 11*n**2 + 7*n + 26. What is the tens digit of v(s)?
5
Suppose 100*c - 108 = 88*c. Suppose -24 = 2*t - 88. Let q = t - c. What is the tens digit of q?
2
Let f(s) = s**3 + s**2 - 4*s - 1. Let c = -11 + 7. Let n be f(c). Let r = n - -63. What is the units digit of r?
0
Let j be 304/8 + 9/3. Suppose 5*d = -j + 191. What is the units d